In base 9, what is 48660 - 264?
48385
In base 15, what is 16d3 - a072?
-888e
In base 6, what is -3253243 + 44?
-3253155
In base 14, what is -471d93 + 4?
-471d8d
In base 7, what is -116 - 300366?
-300515
In base 11, what is 1375732aa - 4?
1375732a6
In base 15, what is -7d + 15406?
15378
In base 10, what is 448 + -67549?
-67101
In base 13, what is 2 + a5a721?
a5a723
In base 11, what is 23 - 554414?
-5543a1
In base 16, what is -37a + d164?
cdea
In base 3, what is -11 + 112002211122210?
112002211122122
In base 8, what is 7761021 - 2?
7761017
In base 11, what is -a706a16 + 13?
-a706a03
In base 2, what is -10010011 + -1011110110000111000?
-1011110110011001011
In base 5, what is -10041430310 - -14?
-10041430241
In base 12, what is -70b729b9 + 1?
-70b729b8
In base 5, what is 4021111 + -3123?
4012433
In base 7, what is 256 + 5340314?
5340603
In base 13, what is -b001b + -74?
-b0092
In base 5, what is -130100133231 + 2?
-130100133224
In base 13, what is -43cb8 + 1051?
-42c67
In base 5, what is -1302311041 + 4?
-1302311032
In base 12, what is 57 + 844b47?
844ba2
In base 14, what is 41257d9 + -2?
41257d7
In base 16, what is f4 - -3b5aa?
3b69e
In base 8, what is 130777142 + 0?
130777142
In base 7, what is -4 - -55212525?
55212521
In base 13, what is -b99727 - 13?
-b9973a
In base 8, what is 11050 - -110060?
121130
In base 6, what is -4 + 1425542?
1425534
In base 4, what is 231202230120 - -20?
231202230200
In base 5, what is 10 + -2343210302?
-2343210242
In base 11, what is 458 - 14888?
-14430
In base 9, what is 28 - -561784?
561823
In base 13, what is 6b569 - -1c?
6b588
In base 11, what is -15073056 + 3?
-15073053
In base 15, what is 1b0cd - 0?
1b0cd
In base 10, what is -461 + -46067?
-46528
In base 4, what is 2113103 - 3100223?
-321120
In base 6, what is -2 - -432544145?
432544143
In base 4, what is -3 + 220332320030?
220332320021
In base 10, what is 3761679 + -2?
3761677
In base 4, what is -121130322 - 1011?
-121131333
In base 16, what is 874132 + 9?
87413b
In base 10, what is 1 - 374764?
-374763
In base 8, what is 0 - 10105507?
-10105507
In base 8, what is -26 + -1111205?
-1111233
In base 3, what is -112011200112222102 - -12?
-112011200112222020
In base 6, what is 2023 + 124045?
130112
In base 3, what is 1 + 2101221002021?
2101221002022
In base 5, what is -112 + 123134043?
123133431
In base 8, what is 175 + 233700?
234075
In base 13, what is -47a34 - 1b1?
-47c15
In base 5, what is 12141 - -4141?
21332
In base 11, what is 18 - 104873a7?
-1048738a
In base 2, what is 1100010110110101 - -11001001110?
1100110000000011
In base 4, what is -112113321330 - -31?
-112113321233
In base 15, what is 21 - -914c9?
914ea
In base 15, what is 3e3 + 3765?
3b58
In base 14, what is 1 - -a5bc38?
a5bc39
In base 7, what is -153 - -1656354?
1656201
In base 12, what is -3a + -463b7?
-46435
In base 7, what is -561122 - 1441?
-562563
In base 4, what is -231120121 - -10?
-231120111
In base 12, what is 568 - -4a64?
5410
In base 2, what is -110100100011110011 + 101101?
-110100100011000110
In base 3, what is -110212010010 + 1010202?
-110210222101
In base 4, what is -202300013 - 1232?
-202301311
In base 5, what is 21201 - 112422?
-41221
In base 15, what is 15c7d36 - 2?
15c7d34
In base 16, what is -9 + b9709f?
b97096
In base 7, what is 42040214063 - 2?
42040214061
In base 10, what is 1897 + -85?
1812
In base 2, what is -110 + 100011010101010000001011?
100011010101010000000101
In base 12, what is -a10 + 2187?
1377
In base 8, what is 34555210747 - 5?
34555210742
In base 13, what is 7c13 - -1928?
983b
In base 8, what is 10 - -4410474?
4410504
In base 6, what is 31434014 - -20?
31434034
In base 8, what is 3 + 120741364?
120741367
In base 3, what is -10022101001 + -12102?
-10022120110
In base 14, what is 0 + 2d116db?
2d116db
In base 16, what is 59c82ae + 1?
59c82af
In base 9, what is 207407028 - 3?
207407025
In base 10, what is 198692 + -37?
198655
In base 4, what is -222322111321 + -1?
-222322111322
In base 12, what is 3 - -1001313?
1001316
In base 14, what is 4 - 5b9c95?
-5b9c91
In base 4, what is 30131 - -3130203?
3221000
In base 16, what is 19acae5 + 3?
19acae8
In base 14, what is -5a467 + -31?
-5a498
In base 15, what is -22b54 + -59?
-22bad
In base 13, what is -85ca5 - 23b?
-86213
In base 15, what is 67e7 + 1b1?
69a8
In base 9, what is -3431701412 - 1?
-3431701413
In base 6, what is -151225412 - -4?
-151225404
In base 2, what is 101011110011100101 + 10?
101011110011100111
In base 9, what is -6447 + 2533?
-3814
In base 12, what is a45437 - 6?
a45431
In base 15, what is 1 - -7e802b8?
7e802b9
In base 15, what is 698687 - -9?
698691
In base 7, what is -12 + -2603121?
-2603133
In base 3, what is 12112000000221121 - 11?
12112000000221110
In base 13, what is -a7 - -267a7?
26700
In base 3, what is 10002010 + 1002111?
11011121
In base 14, what is 34148a + -39?
341451
In base 4, what is -31131 - -21100322?
21003131
In base 10, what is -16146 - 26932?
-43078
In base 13, what is -9 - 5b8079?
-5b8085
In base 6, what is -1403 + -221251?
-223054
In base 3, what is 0 + 200002122100110000?
200002122100110000
In base 7, what is 524535 - 10111?
514424
In base 3, what is -10102101212 + 1010112?
-10101021100
In base 11, what is 242 - 59663?
-59421
In base 15, what is 46a26 + 23?
46a49
In base 4, what is 2 - -213201031210?
213201031212
In base 16, what is -1c3621 + 5?
-1c361c
In base 7, what is -10 - 4461211324?
-4461211334
In base 15, what is -be1b + -2b3e?
-ea5a
In base 13, what is -1b25b3 - -1?
-1b25b2
In base 3, what is -10101100 + 122220100?
112112000
In base 3, what is 120012 + -200210222?
-200020210
In base 4, what is -11101320233 + -13?
-11101320312
In base 3, what is -1211120101 + -1200020?
-1220020121
In base 7, what is -2150341 + -2?
-2150343
In base 9, what is -82202 - -2435?
-78656
In base 6, what is -412 + 211011?
210155
In base 3, what is 0 - -12120221110002?
12120221110002
In base 3, what is 2 + 11210120011011?
11210120011020
In base 7, what is -14221343 + 161?
-14221152
In base 3, what is -11202010 + 1101002?
-10101001
In base 2, what is 11100 + 11101111010101?
11101111110001
In base 2, what is -1000 + 1001010111101101010100110010?
1001010111101101010100101010
In base 11, what is 5253934 + -5?
525392a
In base 15, what is 70 - 3ade?
-3a6e
In base 10, what is 6 + -14559352?
-14559346
In base 11, what is 216 - -23404?
2361a
In base 12, what is 5 + 22b1394b?
22b13954
In base 4, what is -21 - 331310103012?
-331310103033
In base 15, what is 1253d69 - -4?
1253d6d
In base 2, what is 1111010001100101 + 111000000?
1111011000100101
In base 7, what is -60261 - 641?
-61232
In base 16, what is -3 + 722aea?
722ae7
In base 10, what is -215296 + -129?
-215425
In base 7, what is -50603 + -1645?
-52551
In base 13, what is 17b30 + -7?
17b26
In base 16, what is -8e2 - -288?
-65a
In base 10, what is -2193205 - -355?
-2192850
In base 10, what is 4133340 + -39?
4133301
In base 16, what is 2d + 235016?
235043
In base 5, what is 1034220221 + 11?
1034220232
In base 2, what is -11 + 110001001001100111110110?
110001001001100111110011
In base 5, what is -13123021003 - 12?
-13123021020
In base 12, what is 5 - 7826948?
-7826943
In base 13, what is 40 + 5c45?
5c85
In base 7, what is -3 - 43354315?
-43354321
In base 2, what is -11100 + -1010011101110011?
-1010011110001111
In base 14, what is 0 - -3410695?
3410695
In base 8, what is -2260 - 21663?
-24143
In base 3, what is 2 - -121222121120110?
121222121120112
In base 9, what is 25608 + -487?
25111
In base 2, what is -11101011101 + 100110100101110?
100010111010001
In base 16, what is 64b7 + 118?
65cf
In base 2, what is -101010100111010000000 + 11001111?
-101010100110110110001
In base 5, what is -34044301321 + 10?
-34044301311
In base 15, what is -7 - 4ab3598?
-4ab35a0
In base 9, what is 1003 + -321?
572
In base 4, what is 10220323 + -12302?
10202021
In base 10, what is -1355 - 1691?
-3046
In base 6, what is -1322413142 - -1?
-1322413141
In base 7, what is -450315 - 4?
-450322
In base 5, what is -13 + -112103024?
-112103042
In base 3, what is -20 + -1000200112222111?
-1000200112222201
In base 8, what is -6612 - 7000?
-15612
In base 2, what is -100 - 1001111001101010110110100?
-1001111001101010110111000
In base 6, what is 131 - 2015525?
-2015354
In base 10, what is -925034 -